80. Determine a(10).
120
Let i(u) = 13*u**2 - 400*u - 56. Calculate i(31).
37
Let a(g) = 8*g + 1035. Give a(-50).
635
Let v(m) = 4*m**2 + 32*m + 94. Calculate v(-7).
66
Let v(m) = -m**2 - 239*m + 2410. Calculate v(10).
-80
Let f(s) = -2*s**2 - 281*s - 1346. Give f(-5).
9
Let p(m) = m**3 - 10*m**2 - 18*m + 78. Determine p(9).
-165
Let u(z) = 25*z + 389. Calculate u(-29).
-336
Let o(c) = c**2 - 83*c + 766. Determine o(66).
-356
Let c(d) = -12*d + 442. Give c(0).
442
Let n(j) = 94*j**2 + 548*j - 69. Determine n(-6).
27
Let g(x) = -3*x - 30. What is g(-6)?
-12
Let n(j) = -4*j**2 + 94*j + 65. Determine n(24).
17
Let u(y) = 3*y - 299. Determine u(17).
-248
Let a(m) = -180*m - 7. Give a(0).
-7
Let m(l) = 2*l**3 - 53*l**2 - 45*l + 471. What is m(27)?
-15
Let d(y) = -y**2 - 15*y + 176. What is d(-25)?
-74
Let j(y) = -4*y**3 - y + 1. Calculate j(-1).
6
Let t(l) = -166*l - 1453. What is t(-9)?
41
Let k(l) = 2*l**3 + l**2 - 30*l - 3. Calculate k(-6).
-219
Let t(i) = i**2 - 751*i - 3765. Give t(-5).
15
Let r(y) = -3*y**2 + 233*y + 2943. What is r(-12)?
-285
Let m(o) = -10*o - 222. What is m(-23)?
8
Let q(l) = 2*l**3 + 121*l**2 + 53*l - 422. Give q(-60).
-2
Let x(o) = -o**2 + 57*o - 671. Determine x(17).
9
Let u(g) = -87*g + 531. Give u(6).
9
Let q(m) = m**2 + 130*m + 2935. Calculate q(-29).
6
Let u(v) = v**3 + 43*v**2 - 11*v - 414. What is u(-43)?
59
Let o(q) = -4*q - 134. Determine o(-13).
-82
Let w(u) = -23*u**2 - 5*u + 10. Give w(2).
-92
Let f(i) = -i**3 - 7*i**2 + 40*i + 195. What is f(-6)?
-81
Let w(u) = -1452*u + 30494. Determine w(21).
2
Let a(l) = l**2 + 294*l + 889. Calculate a(-3).
16
Let z(x) = x**3 + 5*x**2 - 6*x - 3. Give z(-6).
-3
Let k(v) = -15*v**2 + 172*v - 171. Give k(1).
-14
Let w(q) = 6*q**2 + 1386*q + 18232. What is w(-14)?
4
Let d(w) = -w**2 - 21*w + 3. Determine d(-24).
-69
Let c(n) = -4*n**3 + 106*n**2 + 55*n - 56. Give c(27).
-29
Let j(w) = w**3 - 9*w**2 + 9*w + 37. Give j(7).
2
Let p(c) = 897*c + 27835. Give p(-31).
28
Let k(l) = -4*l**3 - 21*l**2 - 49*l - 48. Determine k(-2).
-2
Let u(v) = 35*v + 203. Give u(-6).
-7
Let v(r) = -26*r - 365. Determine v(-17).
77
Let h(f) = 358*f + 41558. Determine h(-116).
30
Let m(z) = 54*z + 4662. Determine m(-86).
18
Let j(u) = u**2 - 42*u + 38. Give j(31).
-303
Let o(g) = -10012*g - 60069. Calculate o(-6).
3
Let k(l) = -3*l - 34. Determine k(30).
-124
Let b(k) = -51*k**2 - k - 12. Give b(-2).
-214
Let y(w) = w**3 + 64*w**2 + 61*w - 110. What is y(-63)?
16
Let c(d) = -7*d**2 + 235*d + 1189. Give c(-5).
-161
Let v(d) = -d**3 - 43*d**2 + 94*d + 182. What is v(-45)?
2
Let u(n) = -152*n - 657. Give u(-3).
-201
Let z(j) = j**3 - 29*j**2 + 203*j - 73. Calculate z(11).
-18
Let b(r) = -6*r**3 - 8*r - 8. What is b(-1)?
6
Let m(d) = d**3 + 40*d**2 + 2*d - 35. Calculate m(-40).
-115
Let w(m) = 17*m - 523. What is w(30)?
-13
Let n(d) = 762*d + 13749. Determine n(-18).
33
Let v(d) = -10*d**3 - 27*d**2 - 6*d + 16. What is v(-2)?
0
Let v(c) = c**2 + 6*c - 21. Determine v(-11).
34
Let s(n) = -68*n - 27. Give s(-2).
109
Let t(p) = p**2 + 22*p + 83. Determine t(-9).
-34
Let d(z) = -z**3 - 11*z**2 + z - 30. Calculate d(-12).
102
Let j(s) = 65*s + 149. Give j(-2).
19
Let d(v) = 16*v - 57. Determine d(3).
-9
Let t(c) = 34*c + 4. What is t(-19)?
-642
Let w(y) = -y**2 + 11*y + 109. Calculate w(19).
-43
Let q(f) = -25*f + 2495. Determine q(87).
320
Let g(q) = q**3 + 103*q**2 + 209*q + 706. Determine g(-101).
-1
Let q(b) = 1208*b - 32592. Calculate q(27).
24
Let d(n) = -n**2 - 452*n - 12257. Give d(-29).
10
Let h(i) = 3*i**2 - 226*i - 143. Calculate h(76).
9
Let s(y) = -y**2 - 32*y + 2561. Determine s(37).
8
Let i(d) = d**2 - 4*d - 170. What is i(29)?
555
Let g(k) = -3*k**3 - 115*k**2 - 42*k - 54. Determine g(-38).
98
Let c(o) = -14277*o - 28564. Calculate c(-2).
-10
Let w(o) = 7*o**2 - 63*o - 74. Give w(10).
-4
Let r(h) = -26*h**2 + 1532*h + 86. Calculate r(59).
-32
Let w(r) = -r**3 + 111*r**2 + 462*r - 218. Calculate w(115).
12
Let l(h) = -h**3 - 27*h**2 - 132*h + 180. What is l(-21)?
306
Let v(q) = -2*q**2 - 334*q - 379. What is v(-166)?
-47
Let a(o) = 3*o**3 - 56*o**2 - 28*o + 169. Calculate a(19).
-2
Let v(g) = 1285*g + 199180. Determine v(-155).
5
Let s(h) = -3*h**3 + 38*h**2 + 15*h - 26. Calculate s(13).
0
Let y(b) = -b**3 - 7*b**2 + 31*b - 16. What is y(4)?
-68
Let p(c) = 14*c**2 + 41*c - 78. Calculate p(2).
60
Let h(c) = -44*c**2 + 2. Give h(-1).
-42
Let i(a) = 20*a + 119. Give i(-11).
-101
Let z(k) = 5*k**3 + 13*k**2 - 6*k - 22. What is z(-4)?
-110
Let j(s) = -s**2 + 31*s - 103. What is j(6)?
47
Let j(q) = q**3 + 10*q**2 - 10*q - 5. Give j(-9).
166
Let w(j) = -104*j + 1550. Calculate w(15).
-10
Let p(g) = g**3 - 7*g**2 + 8*g + 9. What is p(8)?
137
Let n(o) = -2*o**2 + 20*o + 686. Determine n(24).
14
Let x(l) = 2*l**2 - 53*l + 275. Determine x(5).
60
Let j(g) = 22*g + 38. Determine j(4).
126
Let g(u) = u**3 + 71*u**2 + 205*u + 77. What is g(-68)?
9
Let n(c) = 5*c**3 + 12*c**2 - 4*c - 55. Give n(-4).
-167
Let b(i) = 2*i**3 + 11*i**2 + 3*i - 9. Give b(-4).
27
Let i(s) = -165*s - 3955. Give i(-24).
5
Let t(n) = 7*n**2 - 21*n - 35. What is t(-1)?
-7
Let f(v) = -v**3 + 19*v**2 + 20*v - 7. Calculate f(20).
-7
Let n(q) = -3*q**2 + 90*q + 1027. Calculate n(-11).
-326
Let n(z) = -z**3 - 31*z**2 - 54*z - 700. Calculate n(-30).
20
Let p(o) = -o**2 + 25*o + 15603. What is p(-113)?
9
Let l(k) = -9*k**3 + 270*k**2 + 21*k - 632. Calculate l(30).
-2
Let t(v) = -2*v**3 + 2*v**2 + 341*v - 12. What is t(0)?
-12
Let v(s) = s**3 + 7*s**2 - 24*s - 119. Determine v(-5).
51
Let j(h) = h**3 - 20*h**2 - 194*h + 128. What is j(27)?
-7
Let y(j) = -j**3 - 6*j + 11. Calculate y(2).
-9
Let f(t) = 2*t**3 - 108*t**2 - 111*t + 61. What is f(55)?
6
Let v(j) = 32*j + 207. Determine v(-6).
15
Let o(v) = v**3 + 36*v**2 + 53*v + 612. What is o(-35)?
-18
Let b(p) = -2*p**3 - 15*p**2 + 53*p - 2. Determine b(-10).
-32
Let c(i) = -5*i**2 - 44*i + 270. Determine c(-13).
-3
Let w(l) = 6*l**3 - 7*l**2 - 12*l + 3. Give w(-2).
-49
Let u(l) = 3*l**3 - 18*l**2 - 23*l + 15. Give u(7).
1
Let z(k) = k**3 + 14*k**2 + 20*k - 8. Determine z(-2).
0
Let v(l) = 44*l**2 - 614*l - 26. Determine v(14).
2
Let h(t) = -t**3 + 8*t**2 - 26*t + 54. Give h(6).
-30
Let p(b) = -58*b - 887. Give p(-16).
41
Let o(k) = 4*k**3 + 4*k**2 - 20*k + 14. Give o(-3).
2
Let q(z) = -4*z**3 - 30*z**2 - 44*z + 24. Give q(-5).
-6
Let s(l) = 66*l - 2385. Determine s(36).
-9
Let j(u) = 3*u**2 - 31*u - 51. Calculate j(18).
363
Let t(h) = -h**3 + 8*h**2 - 254*h + 1531. Determine t(6).
79
Let q(n) = 83*n - 185. Calculate q(4).
147
Let u(i) = -i**3 + 27*i**2 + 34*i - 977. Determine u(27).
-59
Let d(h) = 13*h + 555. What is d(-45)?
-30
Let n(j) = -j**3 + 56*j**2 - 54*j - 60. Calculate n(55).
-5
Let b(z) = z**2 - 200*z + 9209. What is b(75)?
-166
Let h(k) = 3*k + 32. Determine h(-4).
20
Let g(h) = -1536*h - 29111. Calculate g(-19).
73
Let c(i) = 657*i + 5920. What is c(-9)?
7
Let b(a) = 4*a**3 - 9*a**2 + 2*a + 44. Give b(4).
164
Let p(y) = -2*y**3 + 41*y**2 + 20*y + 23. What is p(21)?
2
Let n(i) = -5*i + 81. Calculate n(20).
-19
Let w(k) = 130*k**2 + 1040*k + 18. Give w(-8).
18
Let v(t) = -t**3 + 13*t**2 + 53*t - 468. Give v(14).
78
Let y(x) = x**2 + 1516*x + 6041. Determine y(-4).
-7
Let u(w) = 6*w**2 - w - 13. Determine u(-2).
13
Let i(h) = -h**3 - 10*h**2 - 13*h - 136. What is i(-9)?
-100
Let t(n) = 2*n**3 + 162*n**2 - 168*n - 308. Calculate t(-82).
20
Let p(x) = 6*x**3 + 628*x**2 - 216*x - 627. What is p(-105)?
3
Let s(c) = -c**2 + 23*c - 84. What is s(15)?
36
Let o(v) = -143*v + 1957. Give o(14).
-45
Let h(r) = -10*r**2 - 30*r - 17. Calculate h(-2).
3
Let n(h) = h**3 + 13*h**2 + 21*h - 121. Calculate n(-10).
-31
Let u(o) = o**3 + 59*o**2 + 111*o - 181. Calculate u(-57).
-10
Let b(a) = 71*a - 1492. Calculate b(21).
-1
Let o(b) = -65*b**3 - b**2 - 30*b + 28. Calculate o(1).
-68
Let r(x) = -x**2 - 105*x - 2693. Determine r(-42).
-47
Let l(w) = -2*w**3 - 110*w**2 - 112*w - 6154. Calculate l(-55).
6
Let q(b) = 100*b - 459. Determine q(5).
41
Let k(z) = 2*z**3 + 2*z**2 + z + 5. What is k(0)?
5
Let q(i) = 9*i**2 - 54*i + 104. Give q(5).
59
Let l(i) = -41*i + 309. Give l(8).
-19
Let r(j) = 135*j + 1347. Give r(-9).
132
Let j(m) = 2*m**3 - 64*m**2 - 203*m. Give j(-3).
-21
Let f(a) = -10*a - 74. Calculat